9735 is divided by 44.
39
What is the remainder when 632466 is divided by 57495?
21
What is the remainder when 1599597 is divided by 39987?
117
What is the remainder when 2149187 is divided by 102322?
425
Calculate the remainder when 49264039 is divided by 40.
39
Calculate the remainder when 1336663 is divided by 17587.
51
What is the remainder when 928689 is divided by 410?
39
What is the remainder when 46592780 is divided by 1008?
1004
What is the remainder when 1055369 is divided by 705?
689
Calculate the remainder when 9415 is divided by 1601.
1410
What is the remainder when 1920673 is divided by 1920580?
93
What is the remainder when 20655 is divided by 9225?
2205
What is the remainder when 31482 is divided by 31200?
282
Calculate the remainder when 365206 is divided by 3350.
56
Calculate the remainder when 85280 is divided by 416.
0
What is the remainder when 7735464 is divided by 117204?
0
Calculate the remainder when 23020116 is divided by 549.
546
Calculate the remainder when 232176 is divided by 116060.
56
Calculate the remainder when 82385 is divided by 1640.
385
What is the remainder when 30884942 is divided by 1342821?
59
What is the remainder when 9517825 is divided by 183?
178
What is the remainder when 43058941 is divided by 321?
1
Calculate the remainder when 252686 is divided by 590.
166
Calculate the remainder when 18032849 is divided by 198163.
16
Calculate the remainder when 2046878 is divided by 9097.
53
Calculate the remainder when 2184580 is divided by 114976.
36
Calculate the remainder when 217090439 is divided by 831.
830
What is the remainder when 15880 is divided by 3964?
24
Calculate the remainder when 48238760 is divided by 2297082.
38
Calculate the remainder when 1214922 is divided by 835.
832
What is the remainder when 178762 is divided by 2133?
1723
Calculate the remainder when 18268 is divided by 8992.
284
What is the remainder when 31272382 is divided by 176?
174
What is the remainder when 10352329 is divided by 13840?
9
Calculate the remainder when 4472051 is divided by 1401.
59
Calculate the remainder when 8445819 is divided by 1086.
1083
Calculate the remainder when 312505 is divided by 312323.
182
What is the remainder when 1129025 is divided by 69?
47
Calculate the remainder when 34888242 is divided by 2084.
2082
What is the remainder when 70468557 is divided by 58?
7
What is the remainder when 31857 is divided by 31626?
231
Calculate the remainder when 4926860 is divided by 1120.
1100
What is the remainder when 1330937789 is divided by 2730?
2729
What is the remainder when 66921611 is divided by 69710?
11
Calculate the remainder when 128513 is divided by 705.
203
What is the remainder when 87897 is divided by 215?
177
Calculate the remainder when 7430716 is divided by 1275.
16
What is the remainder when 861971 is divided by 7107?
2024
Calculate the remainder when 43690099 is divided by 234893.
1
What is the remainder when 1845 is divided by 261?
18
What is the remainder when 4331544 is divided by 80?
24
Calculate the remainder when 427899 is divided by 4975.
49
Calculate the remainder when 139000 is divided by 1177.
114
Calculate the remainder when 203292 is divided by 67393.
1113
Calculate the remainder when 68213 is divided by 4173.
1445
What is the remainder when 11596638 is divided by 1449577?
22
Calculate the remainder when 5212183 is divided by 42373.
304
What is the remainder when 26992581 is divided by 66?
33
What is the remainder when 337592 is divided by 12056?
24
Calculate the remainder when 156662 is divided by 6524.
86
Calculate the remainder when 169372 is divided by 42320.
92
Calculate the remainder when 122796 is divided by 121352.
1444
Calculate the remainder when 183320277 is divided by 1755.
1752
What is the remainder when 36288 is divided by 26?
18
What is the remainder when 832684 is divided by 862?
854
What is the remainder when 6022804 is divided by 55255?
9
Calculate the remainder when 1573994 is divided by 66.
26
Calculate the remainder when 68848610 is divided by 24132.
14
What is the remainder when 210936 is divided by 102?
0
Calculate the remainder when 304995347 is divided by 27.
26
What is the remainder when 671983 is divided by 1163?
932
What is the remainder when 756231 is divided by 202?
145
What is the remainder when 1699765 is divided by 241?
233
What is the remainder when 193560 is divided by 1423?
32
What is the remainder when 1230962 is divided by 615242?
478
Calculate the remainder when 2455208 is divided by 173.
165
Calculate the remainder when 175089 is divided by 4183.
3586
Calculate the remainder when 760896 is divided by 5176.
24
Calculate the remainder when 384403 is divided by 2561.
253
What is the remainder when 1390285 is divided by 109?
99
Calculate the remainder when 10854520 is divided by 840.
40
What is the remainder when 9269520 is divided by 599?
594
Calculate the remainder when 1072939 is divided by 5061.
7
Calculate the remainder when 289110205 is divided by 2101.
2100
What is the remainder when 222456772 is divided by 155?
152
What is the remainder when 385567 is divided by 4014?
223
What is the remainder when 237223 is divided by 79016?
175
Calculate the remainder when 30761 is divided by 4419.
4247
Calculate the remainder when 1181988 is divided by 19063.
82
What is the remainder when 15650091 is divided by 16?
11
What is the remainder when 630594034 is divided by 828?
826
What is the remainder when 4518 is divided by 1161?
1035
Calculate the remainder when 220582 is divided by 1361.
100
Calculate the remainder when 76112 is divided by 2307.
2288
What is the remainder when 44703 is divided by 1481?
273
Calculate the remainder when 29324319 is divided by 3951.
3948
Calculate the remainder when 1294251 is divided by 381.
375
Calculate the remainder when 104689 is divided by 645.
199
Calculate the remainder when 69334 is divided by 34506.
322
What is the remainder when 34908514 is divided by 2494?
2490
What is the remainder when 1845921 is divided by 5645?
6
What is the remainder when 117476 is divided by 681?
344
Calculate the remainder when 2067035 is divided by 7.
5
Calculate the remainder when 79080 is divided by 766.
182
What is the remainder when 2042832 is divided by 3?
0
What is the remainder when 176033 is divided by 24883?
1852
What is the remainder when 12556106 is divided by 1255609?
16
Calculate the remainder when 13895980 is divided by 2779191.
25
What is the remainder when 59752680 is divided by 580123?
11
Calculate the remainder when 671926 is divided by 6606.
4720
Calculate the remainder when 885 is divided by 128.
117
What is the remainder when 279203 is divided by 27?
23
What is the remainder when 101459016 is divided by 149?
148
What is the remainder when 1870443 is divided by 1581?
120
Calculate the remainder when 6314607 is divided by 2104867.
6
What is the remainder when 2219245 is divided by 443844?
25
What is the remainder when 5464444 is divided by 1366105?
24
Calculate the remainder when 9195299 is divided by 508.
499
What is the remainder when 57228 is divided by 4769?
0
Calculate the remainder when 48874777 is divided by 21626.
17
What is the remainder when 22233 is divided by 3077?
694
What is the remainder when 295682 is divided by 36908?
418
Calculate the remainder when 161460 is divided by 32192.
500
What is the remainder when 3491 is divided by 892?
815
Calculate the remainder when 103069467 is divided by 10.
7
Calculate the remainder when 444217 is divided by 357.
109
Calculate the remainder when 103278 is divided by 1588.
58
What is the remainder when 482016 is divided by 421?
392
Calculate the remainder when 322404 is divided by 24799.
17
What is the remainder when 1697661 is divided by 212191?
133
Calculate the remainder when 2418306 is divided by 12212.
330
Calculate the remainder when 873741 is divided by 538.
29
What is the remainder when 30144 is divided by 5555?
2369
Calculate the remainder when 1778657 is divided by 9420.
7697
What is the remainder when 145560880 is divided by 11?
3
What is the remainder when 2474440 is divided by 2272?
232
Calculate the remainder when 98541 is divided by 49202.
137
What is the remainder when 24246194 is divided by 18?
14
Calculate the remainder when 115324 is divide